947536?
9
What is the millions digit of 754299595?
4
What is the hundreds digit of 422721319?
3
What is the hundreds digit of 160323424?
4
What is the hundred thousands digit of 112600077?
6
What is the ten thousands digit of 808550622?
5
What is the thousands digit of 1898929225?
9
What is the ten thousands digit of 5451483407?
8
What is the millions digit of 332653043?
2
What is the units digit of 95598280?
0
What is the ten thousands digit of 81555448?
5
What is the units digit of 28227823?
3
What is the hundreds digit of 300218347?
3
What is the hundred thousands digit of 55357813?
3
What is the hundreds digit of 36044303?
3
What is the tens digit of 1551078157?
5
What is the units digit of 27787108?
8
What is the ten thousands digit of 382118334?
1
What is the tens digit of 49512269?
6
What is the tens digit of 135682651?
5
What is the units digit of 7840962470?
0
What is the millions digit of 29718770?
9
What is the units digit of 94522842?
2
What is the hundreds digit of 613999496?
4
What is the hundred millions digit of 212314378?
2
What is the hundred thousands digit of 439201205?
2
What is the hundreds digit of 5520309581?
5
What is the thousands digit of 354515635?
5
What is the ten thousands digit of 42008490?
0
What is the ten millions digit of 750850372?
5
What is the tens digit of 42608159?
5
What is the thousands digit of 1137526254?
6
What is the units digit of 31044961?
1
What is the thousands digit of 25053486?
3
What is the units digit of 154036?
6
What is the units digit of 176098984?
4
What is the thousands digit of 515932239?
2
What is the ten millions digit of 1451985431?
5
What is the billions digit of 1332178763?
1
What is the ten millions digit of 280527484?
8
What is the hundred millions digit of 3039058631?
0
What is the hundreds digit of 45799816?
8
What is the thousands digit of 26316319?
6
What is the ten thousands digit of 2865147343?
4
What is the hundred thousands digit of 1948432797?
4
What is the units digit of 2748914526?
6
What is the hundred thousands digit of 1394155804?
1
What is the hundred millions digit of 188177123?
1
What is the tens digit of 886841353?
5
What is the thousands digit of 1682707154?
7
What is the hundred millions digit of 304114640?
3
What is the tens digit of 1122378068?
6
What is the thousands digit of 3762566254?
6
What is the hundred thousands digit of 97401975?
4
What is the units digit of 3886110687?
7
What is the millions digit of 119792619?
9
What is the units digit of 77456769?
9
What is the ten millions digit of 3601532598?
0
What is the hundreds digit of 4845855562?
5
What is the hundred millions digit of 3153776929?
1
What is the hundreds digit of 3232871396?
3
What is the units digit of 1440817131?
1
What is the hundreds digit of 13289410?
4
What is the hundreds digit of 570574000?
0
What is the ten thousands digit of 1350387921?
8
What is the millions digit of 285463759?
5
What is the hundred millions digit of 6743354912?
7
What is the millions digit of 71542307?
1
What is the hundreds digit of 378778164?
1
What is the ten millions digit of 26673997?
2
What is the hundred millions digit of 613178730?
6
What is the units digit of 812770784?
4
What is the millions digit of 35706064?
5
What is the billions digit of 2576709546?
2
What is the hundred thousands digit of 23962208?
9
What is the hundreds digit of 41428497?
4
What is the hundred thousands digit of 233960512?
9
What is the ten thousands digit of 304380805?
8
What is the hundreds digit of 44006191?
1
What is the hundred millions digit of 814646033?
8
What is the ten millions digit of 559355917?
5
What is the hundred thousands digit of 14965045?
9
What is the tens digit of 2227139889?
8
What is the ten millions digit of 626896540?
2
What is the hundred thousands digit of 60933468?
9
What is the tens digit of 332009380?
8
What is the ten millions digit of 76906869?
7
What is the units digit of 4521442665?
5
What is the hundreds digit of 177346732?
7
What is the thousands digit of 170194182?
4
What is the billions digit of 3434475592?
3
What is the ten thousands digit of 48225145?
2
What is the ten thousands digit of 18309316?
0
What is the tens digit of 869814110?
1
What is the billions digit of 4215295709?
4
What is the hundred thousands digit of 93454244?
4
What is the hundreds digit of 3307988868?
8
What is the hundred thousands digit of 196856323?
8
What is the units digit of 457320114?
4
What is the tens digit of 21745763?
6
What is the thousands digit of 48780958?
0
What is the millions digit of 49814187?
9
What is the hundred millions digit of 110898585?
1
What is the ten thousands digit of 1700896098?
9
What is the millions digit of 171451156?
1
What is the millions digit of 5375512625?
5
What is the tens digit of 70528214?
1
What is the ten thousands digit of 456221159?
2
What is the ten thousands digit of 42570838?
7
What is the ten millions digit of 1411324991?
1
What is the millions digit of 670153485?
0
What is the hundred thousands digit of 96708576?
7
What is the ten thousands digit of 5043120?
4
What is the hundred thousands digit of 64803082?
8
What is the ten thousands digit of 150577701?
7
What is the tens digit of 60429551?
5
What is the units digit of 17352942?
2
What is the tens digit of 184210326?
2
What is the units digit of 3611180284?
4
What is the hundreds digit of 455473298?
2
What is the hundred thousands digit of 2616144410?
1
What is the tens digit of 300209546?
4
What is the hundred thousands digit of 26841064?
8
What is the ten millions digit of 224870968?
2
What is the thousands digit of 22865679?
5
What is the hundred thousands digit of 257493449?
4
What is the hundreds digit of 146669072?
0
What is the ten millions digit of 6274598269?
7
What is the millions digit of 95530000?
5
What is the hundreds digit of 92314935?
9
What is the millions digit of 86466682?
6
What is the millions digit of 2487247499?
7
What is the millions digit of 270075792?
0
What is the ten thousands digit of 2167733112?
3
What is the hundred thousands digit of 22915082?
9
What is the hundreds digit of 329751629?
6
What is the thousands digit of 59915383?
5
What is the ten millions digit of 588020727?
8
What is the hundreds digit of 11053633?
6
What is the ten millions digit of 503514514?
0
What is the ten thousands digit of 152477764?
7
What is the hundred millions digit of 307084033?
3
What is the millions digit of 379475525?
9
What is the hundred millions digit of 1100876828?
1
What is the hundred thousands digit of 2847098739?
0
What is the ten thousands digit of 104584126?
8
What is the hundred thousands digit of 154581939?
5
What is the hundreds digit of 131328233?
2
What is the ten thousands digit of 7710066?
1
What is the hundred thousands digit of 47946898?
9
What is the millions digit of 237398454?
7
What is the thousands digit of 160203166?
3
What is the tens digit of 38143542?
4
What is the millions digit of 249421618?
9
What is the ten thousands digit of 813704921?
0
What is the hundreds digit of 41844972?
9
What is the hundred thousands digit of 66067535?
0
What is the millions digit of 119533591?
9
What is the units digit of 86841299?
9
What is the ten thousands digit of 4690958158?
5
What is the units digit of 117352217?
7
What is the millions digit of 2583511?
2
What is the tens digit of 3773960?
6
What is the millions digit of 195795900?
5
What is the ten thousands digit of 281621757?
2
What is the millions digit of 206108946?
6
What is the hundred thousands digit of 4166711469?
7
What is the units digit of 216942994?
4
What is the thousands digit of 40402040?
2
What is the units digit of 1040448515?
5
What is the tens digit of 56557613?
1
What is the hundreds digit of 5204013218?
2
What is the billions digit of 3222367941?
3
What is the millions digit of 1183852878?
3
What is the millions digit of 1077781623?
7
What is the tens digit of 544964653?
5
What is the tens digit of 55932745?
4
What is the ten millions digit of 381497680?
8
What is the millions digit of 51682668?
1
What is the thousands digit of 1141874?
1
What is the thousands digit of 32699562?
9
What is the ten millions digit of 51309082?
5
What is the hundred thousands digit of 10340772?
3
What is the hundreds digit of 16